 - 9*i. Let r(f) = -f**2 + 2*f. Let z = -35 - -37. Let x(y) = z*v(y) + 9*r(y). Give x(a).
-1
Let m(u) = -u**3 - 3*u**2 + 6*u + 1. Let q = 99 - 103. Calculate m(q).
-7
Let b(m) be the third derivative of m**5/60 + 7*m**4/24 + m**3/3 - 7*m**2. Let o(i) = -i**2 + 5*i + 1. Let q be o(6). Let c = q - 1. Give b(c).
-4
Suppose 378 = 43*u + 980. Let f(o) = o**2 + 16*o - 7. Determine f(u).
-35
Let f(n) = -3*n**2 + 4*n + 2. Suppose 0*s = -4*s + 44. Let l(r) = -8*r**2 + 11*r + 6. Let j(d) = s*f(d) - 4*l(d). Give j(0).
-2
Let g(f) be the first derivative of f**3 + f**2 - 2*f + 2. Let u = 34 + -42. Let k be (u/(-10))/((60/25)/(-6)). What is g(k)?
6
Let g(z) be the first derivative of -z**3/3 - 3*z**2/2 - 2*z - 4. Suppose 4*m = -65 - 19. Let s be (8/6)/(14/m). Calculate g(s).
0
Let k(j) = -j - 5. Let f be (-30 - -25) + 1/2*0. Give k(f).
0
Let p(x) = -3*x**2 + 8*x + 8. Let m be -1 - 40/(-25)*5/(-2). Let l(b) = 2*b**2 - 4*b - 5. Let u(t) = m*l(t) - 3*p(t). What is u(-4)?
1
Let h = 8 - -27. Let s be ((-21)/h)/((-2)/10). Let g(d) be the third derivative of d**6/120 - d**5/30 - d**4/24 - d**3/2 + d**2. Determine g(s).
3
Let f(p) = 0 - 41*p - 3 - 46*p + 85*p. What is f(0)?
-3
Let v(b) = 2*b**3 + 3*b**2 + 4*b + 3. Let o be ((-24)/(-14))/((-2)/(-14)). Suppose o = -5*r - r. Calculate v(r).
-9
Suppose 0 = 2*c + c - 2*o - 5, -4*c + 2*o + 4 = 0. Let p(a) be the first derivative of 5*a**2/2 + a + 3. Determine p(c).
-4
Let b(c) = 1397 - 12*c - c**2 - 700 - 700. Determine b(-7).
32
Let y be (49/196)/((-2)/(-64)). Let n(z) = -z**2 + 7*z + 8. What is n(y)?
0
Let g(o) = o - 4. Let a be g(6). Let u(j) = 4*j - 3*j**2 - 2*j**a + j**3 + 2 + 0*j. Let z be (1/3 - 0)*12. What is u(z)?
2
Let u(s) be the first derivative of -s**4/4 - 3*s**3 - 9*s**2/2 + 4*s - 6. Let w be u(-8). Let x = 16 - w. Let y(l) = -l**2 + 3*l - 3. Give y(x).
-7
Suppose 0 = 3*l - 5*c + 13, 5*c = -3*l + 4 + 3. Let m(z) = 25*z + 1. Determine m(l).
-24
Let p(s) = -s**2 - 10*s - 7. Suppose -2*n + 1 = 13. What is p(n)?
17
Suppose 0 = -2*b - 0 + 22. Let y = 8 - 6. Let z(a) = y - 5 - 10*a + b*a. Calculate z(-6).
-9
Let y(g) = -g**3 + g**2 + 3*g + 4. Let x(z) = -9*z + 3. Let n be x(0). What is y(n)?
-5
Let r(f) = -f**3 - 3*f**2 - f - 1. Let i = -58 + 82. Let v be (-5)/15 + i/(-9). Let g be r(v). Let n(a) = 6*a - 2. Calculate n(g).
10
Suppose 6*s = -3 + 9. Let y(k) = 4*k**2 + 1. Let j(u) = 4*u**2 - u + 2. Let t(l) = 2*j(l) - 3*y(l). Calculate t(s).
-5
Let a(n) = -17192*n + n**2 + 13 + 5 + 17202*n. Calculate a(-9).
9
Suppose 21 = -63*k + 56*k. Let a(h) = h**3 + 6*h**2 - 2*h. Give a(k).
33
Let i = 55 - 53. Let n(y) = 2*y + 14*y**2 - 3*y**2 - 6*y**i + 4 - 6*y**2. Determine n(3).
1
Let x(b) = b - 7. Let o be x(12). Let n(h) = 2*h - 6. Let d be n(o). Suppose -29 + 9 = d*w. Let a(m) = -m**2 - 4*m - 1. Calculate a(w).
-6
Suppose 2*m = 2 + 6. Suppose -w = -3*w. Let c(f) = 3*f + w*f - 2*f**2 + 8*f - 5*f. Calculate c(m).
-8
Let w(q) = q - 1. Let n = -43 - -42. Let m(d) = 7*d - 10. Let i(v) = n*m(v) + 6*w(v). What is i(6)?
-2
Let k(q) = -q**3 - 3*q**2 - 2*q + 2. Let z(f) = 19*f - 7 - 14 - 15*f. Let m be z(12). Let y be 1/(-2) + m/(-18). Give k(y).
2
Suppose -5*i = 3*w - 33, -6*i + 2*i + w + 40 = 0. Let h be (-2)/3 - (5 - 42/i). Let q(x) = 14*x + 1. Give q(h).
-13
Let s(p) be the first derivative of p**2 - 28*p + 259. What is s(0)?
-28
Let l be 96/(-42) - (-2)/7. Let m(h) be the first derivative of -h**4/4 - h**3/3 - 3*h**2/2 - 2*h + 98. Give m(l).
8
Suppose 0 = -4*m + 12, u + 5*m - 6 = m. Let f(z) = -z**3 - 6*z**2 - 7. What is f(u)?
-7
Let q(s) = -s**3 - 7*s**2 - s - 7. Let o be q(-7). Let m(y) = y**2 - y + 16. Calculate m(o).
16
Let k(w) = -w**2 + w + 1. Suppose 5 = -13*d + 18*d. Let s(b) = -11*b**2 + 4*b + 4. Let i(n) = d*s(n) - 6*k(n). Calculate i(-2).
-18
Let z(s) be the second derivative of -s**3 + 7*s. Suppose -4*o - y + 5*y + 32 = 0, -37 = -5*o + 4*y. Let d(u) = u - 6. Let p be d(o). What is z(p)?
6
Let n(t) be the first derivative of -t**6/120 + t**5/20 + t**4/4 + 2*t**3/3 - 5*t**2 + 17. Let k(w) be the second derivative of n(w). Determine k(5).
-16
Let u(b) = -6*b**2 - 6*b + 5. Let a(g) = -g**2 - g + 1. Suppose -o = c - 3*c - 6, -4*o = -3*c - 19. Let h(n) = c*u(n) + 5*a(n). Calculate h(1).
2
Let j(f) be the second derivative of f**3 + 0 - 6*f - 1/12*f**4 - 1/2*f**2. What is j(6)?
-1
Let q(f) = -f**2 + 17*f + 31. Let k be q(19). Let v(l) be the second derivative of l**4/12 + 3*l**3/2 + 4*l**2 + 5*l. Calculate v(k).
-6
Let c(x) = -x**2 - 6*x + 1. Let q be -2*(-3)/(24/(-20)). Let j be c(q). Let g(r) = 4*r**3 + 7*r**2 - 1 - 6*r**3 + r**3 - j*r. What is g(6)?
-1
Let p(s) = -s**2 + 9*s - 4. Suppose -69*g - 63 = -76*g. What is p(g)?
-4
Let a(o) = -2*o**3 - 10*o**2 + 5*o + 10. Let y(i) = 5*i**3 + 21*i**2 - 12*i - 21. Let k(x) = -7*a(x) - 3*y(x). What is k(7)?
0
Suppose s - 46 = -7. Let g = 45 - s. Let o(c) = c**3 - 6*c**2 - c + 6. What is o(g)?
0
Let i(p) = -2*p - 2. Let n(j) be the second derivative of j**5/10 + j**4/12 - j**3/6 + j**2/2 - 7*j. Let z be n(1). Suppose -25 = z*y + 2*y. What is i(y)?
8
Let q(a) be the third derivative of -a**5/20 + 7*a**4/8 - 13*a**3/6 - 138*a**2. Give q(6).
5
Suppose 4*h - 25 = -h. Let z = 95 - 93. Let q(m) = 3*m + 4 - 2*m**2 - 4*m**z + 2*m + 5*m**2. Determine q(h).
4
Let a = -15 - -26. Let b(w) = -11*w - 4*w - 2 + a*w. Determine b(-4).
14
Let x(d) = d**2 + 8*d - 4. Let y = -1045 + 1035. Determine x(y).
16
Let m(c) = -29 + 7 + 10 + c + 14. Let g(h) = -3*h - 4. Let r(x) = -5*x - 7. Let q(l) = 7*g(l) - 4*r(l). Let b be q(-5). Calculate m(b).
7
Let j(v) = -2*v**2 - 3*v - 1. Let h(g) = 4*g**3 - g**2. Let x be h(-1). Calculate j(x).
-36
Let q be (-8)/6*6/(-4). Let i(n) = -n**2 - 5*n. Let l be i(-4). Let z(u) = -3*u**q + l*u**2 - 238*u + 242*u - 6. Calculate z(-5).
-1
Let t(i) = -6*i + 17. Suppose -12 = -5*d + 8. What is t(d)?
-7
Let l = -16 + 31. Let y(k) = l*k**2 + 6*k - k - 16*k**2. Let g(n) = -n**3 - 6*n**2 + 5. Let r be g(-6). Give y(r).
0
Let y = 651 + -652. Let v(g) = 5*g**3 - g**2 - 2*g - 1. Give v(y).
-5
Let m(a) = 7321 + 6*a - 2*a - 7314. Determine m(-7).
-21
Let v = -811 - -815. Let x be (-6)/(-4)*(-8)/(-6). Suppose 0*d - 5*n - v = 4*d, -32 = 4*d - x*n. Let a(t) = -t - 11. Give a(d).
-5
Let k(p) = -11*p**2 - 3*p + 6. Let i(h) = -13*h**2 - 2*h + 6. Let x(j) = 6*i(j) - 7*k(j). What is x(8)?
2
Suppose 0*i = 5*i - 10. Let w(x) = 3*x**2 - 5*x + 4. Let h(l) = -l**2 + l + 1. Let f(d) = i*h(d) + w(d). Let m(g) = -4*g. Let v be m(-1). Give f(v).
10
Suppose -2*f + 3 = 13, -3*y = 5*f + 25. Suppose 24 = -y*m + 3*m. Let l(v) = -v**2 + 7*v + 4. Determine l(m).
-4
Suppose 4*r = 2*r + 4. Suppose 5*o = -5*u + 5, -r*o = o - 9. Let h(g) be the second derivative of -g**5/20 + g**4/12 + g**3/3 + g**2/2 - 2*g. What is h(u)?
9
Let z(f) = 2 - 6 - f**3 + 0*f + f + 3. Let y = -471 + 471. Give z(y).
-1
Let w = -94 - -99. Let g(x) = -x + 1 - 19 + w. What is g(-12)?
-1
Let u(x) = -x**2 - 5*x + 7. Let z be u(-5). Let j(w) = 18 - w**2 - 5*w - 10 - z. What is j(-6)?
-5
Let w(c) = -c**2 + 1. Let r(g) = -4*g**2 + 21. Suppose -4*t + 5 = -h, -6*t - 4*h - 8 = -10*t. Let p(l) = t*r(l) - 3*w(l). What is p(0)?
18
Let d = 11 + -4. Let j(c) = -8*c**2 + c + d*c**2 - 4 - 5*c. Let r be j(-4). Let h(a) = a**2 + 4*a + 5. Give h(r).
5
Let n(h) = -9*h**3 - h - 5. Let f(o) = -o**3 - 1. Let c(w) = -6*f(w) + n(w). Let q(p) = -p**3 - p + 1. Let x(i) = c(i) - 2*q(i). Determine x(1).
-1
Let b = -1 + 2. Let o(c) be the second derivative of -7*c**6/360 - c**4/24 + c**3/6 - 30*c. Let h(m) be the second derivative of o(m). Give h(b).
-8
Let h(x) be the second derivative of -x**5/20 + x**4/12 + 2*x**3/3 - 3*x**2/2 - 43*x. Suppose 3*u + 3*c + 6 = 0, 2*c - 5 = -5*u - 0. Determine h(u).
-9
Let q(h) = 10*h - 3. Let i(r) = r. Let l(v) = -2*i(v) + q(v). Give l(2).
13
Let x = 73 + -72. Let z be (1/(4/(-4)))/x. Let g(c) be the third derivative of -c**5/10 + c**4/24 - c**2. Determine g(z).
-7
Let m(x) = x**2 - x - 1. Let k be 3/(-2) + 12/24. Let v be -3*(k - 0)*1. What is m(v)?
5
Let n(k) = -3*k - 8 + 6 + 1 + 3*k**2 - 2*k**2. What is n(-3)?
17
Suppose -r = -0 - 2. Let z be (-1 + r)/((-7)/21). Let k(u) = u**3 - 3*u**2 + 4*u - 3*u**3 + 0*u**3 + u**3. Calculate k(z).
-12
Let a = 374 + -376. Let v(u) be the third derivative of 7*u**4/24 - u**3/3 - 2*u**2. Cal